{"id":2,"date":"2023-01-22T18:31:04","date_gmt":"2023-01-22T18:31:04","guid":{"rendered":"http:\/\/vvokonsult.se\/?page_id=2"},"modified":"2023-12-02T14:26:15","modified_gmt":"2023-12-02T14:26:15","slug":"sample-page","status":"publish","type":"page","link":"https:\/\/vvokonsult.se\/","title":{"rendered":"VVO Konsult AB"},"content":{"rendered":"\n<p class=\"has-large-font-size\">Vad \u00e4r vi f\u00f6r f\u00f6retag?<\/p>\n\n\n\n<p class=\"has-normal-font-size\">VVO st\u00e5r f\u00f6r Ventilation &amp; V\u00e4rme Optimering.<\/p>\n\n\n\n<p class=\"has-normal-font-size\">Det beskriver r\u00e4tt s\u00e5 bra, vad vi arbetar med.<\/p>\n\n\n\n<p class=\"has-normal-font-size\">Om man ska lista v\u00e5ra tj\u00e4nster, kan det se ut s\u00e5 h\u00e4r!<\/p>\n\n\n\n<ul class=\"wp-block-list\">\n<li>Energioptimering av fastigheter.<\/li>\n\n\n\n<li>Energikartl\u00e4ggningar\/Energianalyser fastigheter<\/li>\n\n\n\n<li>Injustering av luft &amp; v\u00e4tska.<\/li>\n\n\n\n<li>Styr &amp; regler. (fels\u00f6kning,\u00e5tg\u00e4rder,optimering,utbyte,konstruktion)<\/li>\n\n\n\n<li>Projektering ventilation<\/li>\n\n\n\n<li>OVK (Obligatorisk ventilationskontroll)<\/li>\n\n\n\n<li>Utredningar inneklimat.<\/li>\n<\/ul>\n\n\n\n<p><\/p>\n","protected":false},"excerpt":{"rendered":"<p>Vad \u00e4r vi f\u00f6r f\u00f6retag? VVO st\u00e5r f\u00f6r Ventilation &amp; V\u00e4rme Optimering. Det beskriver r\u00e4tt s\u00e5 bra, vad vi arbetar med. Om man ska lista v\u00e5ra tj\u00e4nster, kan det se ut s\u00e5 h\u00e4r!<\/p>\n","protected":false},"author":1,"featured_media":0,"parent":0,"menu_order":0,"comment_status":"closed","ping_status":"open","template":"","meta":{"inline_featured_image":false,"footnotes":""},"class_list":["post-2","page","type-page","status-publish","hentry"],"_links":{"self":[{"href":"https:\/\/vvokonsult.se\/index.php\/wp-json\/wp\/v2\/pages\/2","targetHints":{"allow":["GET"]}}],"collection":[{"href":"https:\/\/vvokonsult.se\/index.php\/wp-json\/wp\/v2\/pages"}],"about":[{"href":"https:\/\/vvokonsult.se\/index.php\/wp-json\/wp\/v2\/types\/page"}],"author":[{"embeddable":true,"href":"https:\/\/vvokonsult.se\/index.php\/wp-json\/wp\/v2\/users\/1"}],"replies":[{"embeddable":true,"href":"https:\/\/vvokonsult.se\/index.php\/wp-json\/wp\/v2\/comments?post=2"}],"version-history":[{"count":2,"href":"https:\/\/vvokonsult.se\/index.php\/wp-json\/wp\/v2\/pages\/2\/revisions"}],"predecessor-version":[{"id":16,"href":"https:\/\/vvokonsult.se\/index.php\/wp-json\/wp\/v2\/pages\/2\/revisions\/16"}],"wp:attachment":[{"href":"https:\/\/vvokonsult.se\/index.php\/wp-json\/wp\/v2\/media?parent=2"}],"curies":[{"name":"wp","href":"https:\/\/api.w.org\/{rel}","templated":true}]}}